6?
True
Is 4908 even?
True
Is 22 a multiple of 6?
False
Is 103250 a multiple of 19?
False
Does 12 divide 394?
False
Is 5 a factor of 1063?
False
Is 6 a factor of 2850?
True
Is 83 a factor of 12903?
False
Is 30 a factor of 20624?
False
Is 825 a multiple of 33?
True
Does 23 divide 3588?
True
Is 22 a factor of 814?
True
Is 11 a factor of 31746?
True
Is 2 a factor of 7097?
False
Is 56 a factor of 2004?
False
Is 12117 a multiple of 6?
False
Is 48889 a multiple of 40?
False
Is 416 a multiple of 26?
True
Is 14412 a multiple of 3?
True
Is 242 a multiple of 13?
False
Does 47 divide 517?
True
Is 798 a multiple of 19?
True
Is 71 a factor of 13421?
False
Is 30 a factor of 890?
False
Does 92 divide 358?
False
Does 187 divide 31385?
False
Is 902 a multiple of 64?
False
Is 6477 a multiple of 23?
False
Is 7 a factor of 11347?
True
Does 6 divide 6732?
True
Is 3 a factor of 57?
True
Is 620 a multiple of 16?
False
Is 316 a multiple of 46?
False
Is 13 a factor of 13845?
True
Does 244 divide 22295?
False
Is 10322 a multiple of 20?
False
Is 871 a multiple of 18?
False
Is 14946 a multiple of 47?
True
Does 78 divide 2171?
False
Is 4 a factor of 208?
True
Is 13 a factor of 18434?
True
Does 12 divide 11136?
True
Is 452 a multiple of 113?
True
Does 10 divide 5500?
True
Is 6120 a multiple of 36?
True
Does 20 divide 485?
False
Is 153 a factor of 24786?
True
Is 183 a factor of 15372?
True
Does 56 divide 52146?
False
Does 15 divide 360?
True
Is 41882 a multiple of 27?
False
Does 28 divide 374?
False
Does 4 divide 36?
True
Is 84 even?
True
Is 51 a factor of 6448?
False
Does 8 divide 1377?
False
Is 17 a factor of 1462?
True
Is 693 a multiple of 44?
False
Is 6620 a multiple of 20?
True
Is 51743 a multiple of 16?
False
Does 38 divide 1043?
False
Is 20007 a multiple of 57?
True
Is 26016 a multiple of 24?
True
Does 13 divide 4889?
False
Does 5 divide 159?
False
Is 9 a factor of 26550?
True
Is 119 a factor of 1918?
False
Is 434 a multiple of 3?
False
Does 375 divide 137209?
False
Does 3 divide 642?
True
Is 1608 a multiple of 32?
False
Is 162480 a multiple of 30?
True
Does 3 divide 1616?
False
Does 22 divide 10516?
True
Does 65 divide 1560?
True
Does 56 divide 2161?
False
Does 13 divide 1532?
False
Is 103 a factor of 5974?
True
Is 1080 a multiple of 8?
True
Is 12848 a multiple of 43?
False
Does 35 divide 1084?
False
Is 12 a factor of 6270?
False
Is 9 a factor of 666?
True
Is 18889 a multiple of 13?
True
Is 14 a factor of 7616?
True
Does 128 divide 3968?
True
Is 18 a factor of 1080?
True
Is 62 a factor of 14379?
False
Does 23 divide 2888?
False
Is 2 a factor of 2830?
True
Is 192 a multiple of 18?
False
Does 12 divide 648?
True
Is 129 a factor of 4815?
False
Is 89 a factor of 5162?
True
Does 23 divide 350?
False
Is 12 a factor of 199?
False
Does 72 divide 14972?
False
Is 9 a factor of 19590?
False
Is 8 a factor of 15540?
False
Is 5 a factor of 6437?
False
Is 17792 a multiple of 16?
True
Is 17712 a multiple of 41?
True
Is 242 a factor of 24586?
False
Is 26702 a multiple of 34?
False
Is 597 a multiple of 39?
False
Does 20 divide 160?
True
Is 22 a factor of 6076?
False
Is 5280 a multiple of 32?
True
Is 6 a factor of 17544?
True
Is 10479 a multiple of 21?
True
Does 19 divide 2633?
False
Is 10 a factor of 1917?
False
Is 388 a multiple of 4?
True
Does 12 divide 391?
False
Is 6 a factor of 156?
True
Is 20 a factor of 19631?
False
Is 84669 a multiple of 74?
False
Does 12 divide 51360?
True
Does 17 divide 3950?
False
Is 7 a factor of 952?
True
Is 239 a multiple of 7?
False
Is 863 a multiple of 21?
False
Does 17 divide 460?
False
Does 20 divide 395?
False
Is 3149 a multiple of 67?
True
Is 14 a factor of 1484?
True
Is 3174 a multiple of 23?
True
Does 28 divide 7510?
False
Is 39 a factor of 780?
True
Is 7 a factor of 2261?
True
Is 7266 a multiple of 7?
True
Is 3685 a multiple of 11?
True
Does 30 divide 736?
False
Does 10 divide 542?
False
Does 45 divide 945?
True
Is 30619 a multiple of 67?
True
Is 800 a multiple of 50?
True
Is 10 a factor of 150?
True
Is 1316 a multiple of 5?
False
Is 37 a factor of 1890?
False
Is 67 a factor of 50786?
True
Is 71 a factor of 2272?
True
Does 8 divide 216?
True
Is 5 a factor of 2560?
True
Does 12 divide 120?
True
Does 12 divide 114?
False
Is 1483 a multiple of 125?
False
Does 115 divide 10810?
True
Does 32 divide 1088?
True
Does 10 divide 1110?
True
Is 193 a factor of 36463?
False
Is 7 a factor of 84?
True
Does 95 divide 4180?
True
Is 45 a factor of 1026?
False
Is 5445 a multiple of 15?
True
Is 5 a factor of 5765?
True
Does 77 divide 4043?
False
Is 17 a factor of 187?
True
Does 11 divide 2211?
True
Does 64 divide 4799?
False
Is 41389 a multiple of 6?
False
Is 332 a multiple of 9?
False
Is 1568 a multiple of 49?
True
Does 43 divide 2800?
False
Does 5 divide 71?
False
Is 760 a multiple of 40?
True
Is 3808 a multiple of 17?
True
Does 82 divide 1376?
False
Is 133 a multiple of 3?
False
Is 5 a factor of 126?
False
Is 60 a factor of 858?
False
Is 12188 a multiple of 70?
False
Does 8 divide 42?
False
Does 3 divide 74?
False
Is 215 a multiple of 48?
False
Does 34 divide 2244?
True
Does 6 divide 858?
True
Is 4128 a multiple of 43?
True
Does 7 divide 194?
False
Is 177 a multiple of 16?
False
Is 44 a factor of 309?
False
Does 10 divide 1820?
True
Does 23 divide 24961?
False
Is 7 a factor of 2002?
True
Is 19 a multiple of 2?
False
Does 19 divide 35891?
True
Does 171 divide 651?
False
Does 9 divide 27398?
False
Is 559 a multiple of 35?
False
Does 15 divide 39652?
False
Is 433 a multiple of 2?
False
Is 187 a factor of 12504?
False
Is 16 a factor of 4289?
False
Is 9021 a multiple of 93?
True
Is 89 a factor of 356?
True
Is 25123 a multiple of 97?
True
Is 26062 a multiple of 83?
True
Is 24 a factor of 5251?
False
Is 15 a multiple of 2?
False
Does 19 divide 152?
True
Does 15 divide 937?
False
Is 86 a factor of 102?
False
Is 12 a factor of 1899?
False
Does 4 divide 440?
True
Does 49 divide 169?
False
Is 9 a factor of 19730?
False
Does 26 divide 7124?
True
Is 9 a factor of 4966?
False
Is 19 a factor of 1207?
False
Is 94 a factor of 875?
False
Does 50 divide 3138?
False
Is 54614 a multiple of 83?
True
Is 3 a factor of 48627?
True
Is 3009 a multiple of 43?
False
Is 47 a factor of 1401?
False
Is 437 a multiple of 17?
False
Does 10 divide 950?
True
Is 343 a multiple of 83?
False
Does 71 divide 894?
False
Does 35 divide 3075?
False
Is 19 a factor of 2736?
True
Is 23 a factor of 12071?
False
Is 35 a factor of 2485?
True
Does 133 divide 2926?
True
Is 65882 a multiple of 138?
False
Does 8 divide 531?
False
Is 251 a multiple of 15?
False
Is 100 a factor of 2200?
True
Is 470 a multiple of 13?
False
Does 10 divide 1010?
True
Does 59 divide 37677?
False
Is 1152 a multiple of 9?
True
Does 4 divide 3440?
True
Is 3 a factor of 245?
False
Does 13 divide 7813?
True
Is 15537 a multiple of 129?
False
Does 22 divide 37?
False
Does 86 divide 32316?
False
Does 48 divide 240?
True
Is 1078 a multiple of 6?
False
Is 51 a factor of 6681?
True
Is 18 a factor of 73692?
True
Is 3492 a multiple of 18?
True
Does 371 divide 44498?
False
Is 15 a factor of 18459?
False
Is 83 a factor of 31066?
False
Is 53 a factor of 66409?
True
Is 360 a multiple of 20?
True
Is 27347 a multiple of 23?
True
Does 6 divide 102?
True
Is 4644 a multiple of 172?
True
Does 51 divide 7089?
True
Is 10 a factor of 515?
False
Is 141 a factor of 6850?
False
Does 7 divide 63532?
True
Does 109 divide 5337?
False
Is 13562 a multiple of 81?
False
Is 137 even?
False
Is 776 a multiple of 16?
False
Does 112 divide 14278?
False
Is 19 a factor of 7182?
True
Is 7 a factor of 945?
True
Is 854 a multiple of 7?
True
Is 26 a factor of 175?
False
Is 14 a factor of 703?
False
Does 8 divide 26112?
True
Is 20 a factor of 300?
True
Is 108 a factor of 11123?
False
Is 3341 a multiple of 13?
True
Does 405 divide 62379?
False
Does 65 divide 71784?
False
Is 3684 a multiple of 64?
False
Is 113 a factor of 9653?
False
Is 4607 a multiple of 17?
True
Does 15 divide 5811?
False
Is 9 a factor of 905?
False
Does 61 divide 13033?
False
Is 32940 a multiple of 60?
True
Is 7245 a multiple of 23?
True
Is 79 a factor of 90376?
True
Is 29 a factor of 3067?
False
Is 12 a factor of 334?
False
Is 644 a multiple of 14?
True
Is 34 a factor of 2947?
False
Is 1366 a multiple of 20?
Fa